n factor of 17 and 11696.
17
Calculate the greatest common factor of 1748 and 56164.
76
Calculate the highest common factor of 180 and 263070.
90
What is the greatest common factor of 7438 and 6?
2
Calculate the highest common factor of 19363 and 51.
17
Calculate the highest common divisor of 1589 and 38363.
227
What is the highest common divisor of 13166 and 25651?
227
What is the highest common divisor of 2588560 and 912?
304
Calculate the highest common divisor of 111232 and 35200.
1408
Calculate the greatest common factor of 1962 and 795918.
654
What is the greatest common factor of 10057 and 904?
113
Calculate the greatest common divisor of 1730 and 67470.
1730
What is the highest common divisor of 678 and 412563?
339
Calculate the greatest common factor of 1832 and 18549.
229
Calculate the highest common factor of 100 and 364220.
20
Calculate the greatest common divisor of 404 and 669832.
404
What is the greatest common factor of 364 and 31885?
7
Calculate the greatest common factor of 13392 and 108.
108
Calculate the greatest common factor of 85 and 365.
5
Calculate the highest common divisor of 90806 and 4.
2
Calculate the highest common divisor of 70 and 49805.
35
Calculate the highest common divisor of 12470 and 774.
86
What is the highest common factor of 1360 and 7520?
80
What is the greatest common factor of 397 and 1996910?
397
What is the highest common factor of 48432 and 72?
24
Calculate the highest common factor of 1761158 and 49.
49
Calculate the greatest common factor of 6435105 and 15.
15
What is the greatest common factor of 14868 and 630?
126
Calculate the highest common factor of 46 and 2242822.
46
Calculate the highest common factor of 661 and 680830.
661
What is the highest common factor of 1708 and 700?
28
What is the highest common factor of 6592 and 515?
103
What is the highest common divisor of 148240 and 850?
170
Calculate the greatest common factor of 24559 and 82.
41
Calculate the greatest common divisor of 3516 and 229712.
1172
Calculate the greatest common factor of 4471200 and 23.
23
What is the greatest common divisor of 120448 and 128?
128
What is the highest common divisor of 56068 and 1048?
524
What is the greatest common factor of 6 and 42330?
6
Calculate the greatest common factor of 57 and 41458.
19
Calculate the greatest common factor of 5090 and 5750.
10
What is the highest common divisor of 37787 and 725?
29
What is the highest common divisor of 5890 and 420850?
190
What is the greatest common factor of 81114 and 2354?
22
What is the highest common factor of 4 and 32324?
4
Calculate the highest common divisor of 738888 and 34.
34
What is the highest common factor of 360 and 41880?
120
What is the highest common divisor of 343711 and 94?
47
Calculate the highest common factor of 1683 and 15246.
99
Calculate the greatest common divisor of 74 and 5186068.
74
What is the highest common divisor of 38703 and 21728?
679
What is the highest common divisor of 98985 and 60?
15
What is the highest common divisor of 11973 and 1228?
307
Calculate the highest common divisor of 7896 and 6024.
24
What is the greatest common factor of 666 and 13055598?
666
What is the greatest common factor of 3065 and 1805?
5
Calculate the highest common factor of 2238295 and 570.
95
What is the highest common factor of 33198 and 528?
66
Calculate the highest common factor of 28925 and 195.
65
Calculate the greatest common factor of 383 and 4457354.
383
Calculate the greatest common divisor of 308 and 398776.
28
What is the highest common divisor of 116 and 583828?
116
Calculate the greatest common factor of 447458 and 132.
22
Calculate the greatest common divisor of 170 and 12002.
34
What is the highest common divisor of 160 and 244370?
10
Calculate the greatest common divisor of 6429096 and 144.
72
Calculate the greatest common divisor of 435 and 105.
15
Calculate the greatest common factor of 1941 and 8571.
3
Calculate the highest common factor of 164171 and 21056.
329
Calculate the greatest common divisor of 52 and 186836.
52
Calculate the highest common factor of 518285 and 15.
5
What is the highest common divisor of 3348 and 1244619?
837
Calculate the highest common divisor of 5889 and 1833.
39
What is the greatest common factor of 1656 and 4464?
72
What is the highest common divisor of 34 and 274686?
34
Calculate the highest common factor of 1352 and 19773.
169
What is the greatest common factor of 55 and 11865?
5
Calculate the greatest common factor of 24 and 4606568.
8
Calculate the highest common divisor of 312 and 27976.
104
What is the greatest common factor of 424 and 180889?
53
Calculate the greatest common divisor of 52 and 5612.
4
What is the highest common factor of 30964 and 16?
4
What is the greatest common divisor of 190 and 1029610?
190
What is the highest common factor of 7875 and 2325?
75
What is the greatest common factor of 26176 and 192?
64
What is the greatest common factor of 19133 and 556871?
1007
What is the greatest common divisor of 36 and 692?
4
What is the greatest common factor of 2096 and 2173028?
524
What is the greatest common factor of 684 and 24188?
4
Calculate the highest common factor of 3392 and 210834.
106
What is the highest common divisor of 474 and 10270?
158
What is the highest common divisor of 391 and 5973307?
391
What is the greatest common factor of 16872 and 153957?
2109
Calculate the greatest common factor of 30740 and 560.
20
Calculate the highest common factor of 12500 and 400.
100
What is the greatest common divisor of 62257 and 1?
1
Calculate the highest common divisor of 160 and 25960.
40
What is the greatest common factor of 200136 and 2?
2
Calculate the greatest common divisor of 428 and 164138.
214
What is the highest common divisor of 15495 and 555?
15
What is the greatest common factor of 137 and 345788?
137
What is the greatest common factor of 2170 and 138663?
217
Calculate the highest common divisor of 48 and 30300.
12
Calculate the greatest common divisor of 7690556 and 179.
179
Calculate the greatest common divisor of 4788 and 144324.
684
Calculate the greatest common divisor of 9521 and 13.
1
Calculate the highest common factor of 3451 and 892823.
493
What is the highest common factor of 3525 and 517?
47
Calculate the highest common divisor of 4277 and 119.
7
What is the greatest common factor of 23183 and 97?
97
What is the greatest common factor of 223374 and 708?
354
Calculate the highest common divisor of 479910 and 2380.
170
Calculate the greatest common factor of 34798 and 3014.
274
Calculate the highest common divisor of 241910 and 34.
34
What is the highest common factor of 5479619 and 86?
43
Calculate the greatest common divisor of 42 and 65982.
42
What is the greatest common divisor of 174 and 505386?
6
What is the greatest common factor of 1040 and 84520?
40
What is the greatest common factor of 582 and 3192?
6
Calculate the highest common divisor of 116085 and 2769.
213
What is the greatest common divisor of 1638 and 90?
18
Calculate the greatest common factor of 120 and 15684.
12
What is the highest common divisor of 4485 and 215970?
345
What is the highest common factor of 1155 and 79530?
165
What is the highest common factor of 26718 and 87474?
366
Calculate the greatest common divisor of 136 and 6953.
17
What is the highest common factor of 172 and 96062?
86
What is the greatest common divisor of 3 and 9054?
3
Calculate the highest common divisor of 2358907 and 19.
19
Calculate the highest common factor of 6 and 4891344.
6
What is the highest common divisor of 1401658 and 122?
122
What is the highest common factor of 1199884 and 56?
28
Calculate the highest common divisor of 271204 and 32.
4
Calculate the highest common factor of 120038 and 376.
94
What is the highest common divisor of 21459 and 6?
3
What is the highest common factor of 15825 and 45?
15
What is the highest common divisor of 627 and 5846148?
627
What is the highest common divisor of 1267 and 408517?
181
What is the greatest common factor of 2680 and 13480?
40
What is the highest common divisor of 2771 and 1394?
17
What is the highest common divisor of 110576 and 24?
8
What is the greatest common factor of 22267 and 42?
7
What is the greatest common factor of 9271 and 12994?
7